{"id":1119,"date":"2021-11-18T19:05:54","date_gmt":"2021-11-18T19:05:54","guid":{"rendered":"https:\/\/montclairfc.store\/?post_type=product&#038;p=1119"},"modified":"2024-01-12T17:28:03","modified_gmt":"2024-01-12T17:28:03","slug":"camiseta-seleccion-peruana-1998","status":"publish","type":"product","link":"https:\/\/montclairfc.store\/?product=camiseta-seleccion-peruana-1998","title":{"rendered":"Camiseta Selecci\u00f3n Peruana 1998 Retro"},"content":{"rendered":"<p>Tan cerca pero a la vez tan lejos. C\u00f3mo no recordar las eliminatorias a Francia 98 en donde quedamos fuera solo por diferencia de goles. Sin duda un\u00a0hecho que marc\u00f3 a varias generaciones, pero m\u00e1s que el dolor qued\u00f3 el gran equipo que ten\u00eda nuestra selecci\u00f3n: Solano, Reynoso, Jayo, Balerio, Pepe y el Camello Soto, Maestri, Olivares, Julinho y el gran Chorri Palacios.<\/p>\n<p>Sin duda la camiseta retro m\u00e1s querida por los peruanos de los 90s y 2000.<\/p>\n","protected":false},"excerpt":{"rendered":"<div>\n<p>Demuestra tu pasi\u00f3n por la selecci\u00f3n con la\u00a0<strong>Camiseta Per\u00fa Retro 1998<\/strong>.\u00a0 Esta<strong>\u00a0camiseta deportiva<\/strong>\u00a0est\u00e1 hecha a partir de una combinaci\u00f3n de suaves materiales y posee un ajuste preciso para una excelente movilidad.<\/p>\n<\/div>\n<div><\/div>\n","protected":false},"featured_media":1127,"comment_status":"open","ping_status":"closed","template":"","meta":[],"product_brand":[],"product_cat":[28,30,58],"product_tag":[],"class_list":{"0":"post-1119","1":"product","2":"type-product","3":"status-publish","4":"has-post-thumbnail","6":"product_cat-camisetas","7":"product_cat-fpf","8":"product_cat-retro","10":"first","11":"outofstock","12":"shipping-taxable","13":"product-type-variable","14":"has-default-attributes"},"jetpack_sharing_enabled":true,"_links":{"self":[{"href":"https:\/\/montclairfc.store\/index.php?rest_route=\/wp\/v2\/product\/1119","targetHints":{"allow":["GET"]}}],"collection":[{"href":"https:\/\/montclairfc.store\/index.php?rest_route=\/wp\/v2\/product"}],"about":[{"href":"https:\/\/montclairfc.store\/index.php?rest_route=\/wp\/v2\/types\/product"}],"replies":[{"embeddable":true,"href":"https:\/\/montclairfc.store\/index.php?rest_route=%2Fwp%2Fv2%2Fcomments&post=1119"}],"wp:featuredmedia":[{"embeddable":true,"href":"https:\/\/montclairfc.store\/index.php?rest_route=\/wp\/v2\/media\/1127"}],"wp:attachment":[{"href":"https:\/\/montclairfc.store\/index.php?rest_route=%2Fwp%2Fv2%2Fmedia&parent=1119"}],"wp:term":[{"taxonomy":"product_brand","embeddable":true,"href":"https:\/\/montclairfc.store\/index.php?rest_route=%2Fwp%2Fv2%2Fproduct_brand&post=1119"},{"taxonomy":"product_cat","embeddable":true,"href":"https:\/\/montclairfc.store\/index.php?rest_route=%2Fwp%2Fv2%2Fproduct_cat&post=1119"},{"taxonomy":"product_tag","embeddable":true,"href":"https:\/\/montclairfc.store\/index.php?rest_route=%2Fwp%2Fv2%2Fproduct_tag&post=1119"}],"curies":[{"name":"wp","href":"https:\/\/api.w.org\/{rel}","templated":true}]}}