{"id":525,"date":"2021-09-03T15:09:11","date_gmt":"2021-09-03T15:09:11","guid":{"rendered":"https:\/\/montclairfc.store\/?post_type=product&#038;p=525"},"modified":"2022-06-05T06:26:07","modified_gmt":"2022-06-05T06:26:07","slug":"camiseta-seleccion-peruana-estadio-alterna-copa-america-2021","status":"publish","type":"product","link":"https:\/\/montclairfc.store\/?product=camiseta-seleccion-peruana-estadio-alterna-copa-america-2021","title":{"rendered":"Camiseta Selecci\u00f3n Peruana Estadio Alterna Copa Am\u00e9rica 2021"},"content":{"rendered":"<p>Luce los colores de la blanquirroja y alienta desde donde te encuentres con <strong>Marathon Sports<\/strong>. Esta\u00a0<strong>camiseta de f\u00fatbol<\/strong> est\u00e1 hecha a partir de una combinaci\u00f3n de suaves materiales y posee un ajuste preciso para una excelente movilidad.<\/p>\n<h3><strong>Beneficios del producto<\/strong><\/h3>\n<ul>\n<li>Tiene un corte tipo regular que otorga el m\u00e1ximo comfort.<\/li>\n<li>La tecnolog\u00eda\u00a0<strong>Hidrotec<\/strong>\u00a0para un mejor control del sudor y humedad del cuerpo.<\/li>\n<li>Cuenta con un tejido perforado en la espalda y una textura en cuadr\u00edcula 3D para maximizar la ventilaci\u00f3n.<\/li>\n<li>Hecha con 95% poli\u00e9ster y 5% elastano.<\/li>\n<\/ul>\n<div class=\"tabbody\">\n<div class=\"tab-container\">\n<div class=\"product-classifications\"><\/div>\n<\/div>\n<\/div>\n","protected":false},"excerpt":{"rendered":"<p>Demuestra tu pasi\u00f3n por la selecci\u00f3n con la <strong>Camiseta Per\u00fa Estadio Alterna<\/strong>\u00a0en esta\u00a0<strong>Copa Am\u00e9rica 2021<\/strong>. Esta<strong>\u00a0camiseta deportiva<\/strong>\u00a0est\u00e1 hecha a partir de una combinaci\u00f3n de suaves materiales y posee un ajuste preciso para una excelente movilidad.<\/p>\n","protected":false},"featured_media":532,"comment_status":"open","ping_status":"closed","template":"","meta":[],"product_brand":[],"product_cat":[28,30],"product_tag":[],"class_list":{"0":"post-525","1":"product","2":"type-product","3":"status-publish","4":"has-post-thumbnail","6":"product_cat-camisetas","7":"product_cat-fpf","9":"first","10":"outofstock","11":"shipping-taxable","12":"product-type-variable"},"jetpack_sharing_enabled":true,"_links":{"self":[{"href":"https:\/\/montclairfc.store\/index.php?rest_route=\/wp\/v2\/product\/525","targetHints":{"allow":["GET"]}}],"collection":[{"href":"https:\/\/montclairfc.store\/index.php?rest_route=\/wp\/v2\/product"}],"about":[{"href":"https:\/\/montclairfc.store\/index.php?rest_route=\/wp\/v2\/types\/product"}],"replies":[{"embeddable":true,"href":"https:\/\/montclairfc.store\/index.php?rest_route=%2Fwp%2Fv2%2Fcomments&post=525"}],"wp:featuredmedia":[{"embeddable":true,"href":"https:\/\/montclairfc.store\/index.php?rest_route=\/wp\/v2\/media\/532"}],"wp:attachment":[{"href":"https:\/\/montclairfc.store\/index.php?rest_route=%2Fwp%2Fv2%2Fmedia&parent=525"}],"wp:term":[{"taxonomy":"product_brand","embeddable":true,"href":"https:\/\/montclairfc.store\/index.php?rest_route=%2Fwp%2Fv2%2Fproduct_brand&post=525"},{"taxonomy":"product_cat","embeddable":true,"href":"https:\/\/montclairfc.store\/index.php?rest_route=%2Fwp%2Fv2%2Fproduct_cat&post=525"},{"taxonomy":"product_tag","embeddable":true,"href":"https:\/\/montclairfc.store\/index.php?rest_route=%2Fwp%2Fv2%2Fproduct_tag&post=525"}],"curies":[{"name":"wp","href":"https:\/\/api.w.org\/{rel}","templated":true}]}}