{"id":831,"date":"2021-09-20T02:26:34","date_gmt":"2021-09-20T02:26:34","guid":{"rendered":"https:\/\/montclairfc.store\/index.php\/product\/camiseta-universitario-de-deportes-2020-copy\/"},"modified":"2022-04-26T00:22:35","modified_gmt":"2022-04-26T00:22:35","slug":"camiseta-universitario-de-deportes-alterna-2020-monumental-tricampeon","status":"publish","type":"product","link":"https:\/\/montclairfc.store\/?product=camiseta-universitario-de-deportes-alterna-2020-monumental-tricampeon","title":{"rendered":"Camiseta Universitario de Deportes Alterna 2020 Monumental Tricampe\u00f3n"},"content":{"rendered":"<p>Celebremos los 20 a\u00f1os de la inauguraci\u00f3n del estadio Monumental y el Tri Campeonato del a\u00f1o 2000. El negro y el dorado se vuelven protagonistas en esta\u00a0<strong>camiseta de f\u00fatbol<\/strong>\u00a0de\u00a0<strong>Marathon Sports<\/strong>. Sentir\u00e1s la diferencia, dentro o fuera de la cancha, ya que la\u00a0<strong>camiseta Universitario 2020 Monumental Tricampe\u00f3n<\/strong>\u00a0est\u00e1 confeccionada con un tejido el\u00e1stico con\u00a0<strong>tecnolog\u00eda Hidrotec<\/strong>\u00a0para evaporar el sudor y mantenerte siempre fresca.<\/p>\n","protected":false},"excerpt":{"rendered":"<p>Lleva la garra crema en la cancha o en tu rutina diaria con la\u00a0<strong>camiseta<\/strong>\u00a0de\u00a0<strong>Universitario de Deportes<\/strong>\u00a0que\u00a0<strong>Marathon Sports<\/strong>\u00a0tiene para ti.<\/p>\n","protected":false},"featured_media":833,"comment_status":"open","ping_status":"closed","template":"","meta":[],"product_brand":[],"product_cat":[28,31,55],"product_tag":[],"class_list":{"0":"post-831","1":"product","2":"type-product","3":"status-publish","4":"has-post-thumbnail","6":"product_cat-camisetas","7":"product_cat-clubes","8":"product_cat-nacionales","10":"first","11":"outofstock","12":"shipping-taxable","13":"product-type-variable"},"jetpack_sharing_enabled":true,"_links":{"self":[{"href":"https:\/\/montclairfc.store\/index.php?rest_route=\/wp\/v2\/product\/831","targetHints":{"allow":["GET"]}}],"collection":[{"href":"https:\/\/montclairfc.store\/index.php?rest_route=\/wp\/v2\/product"}],"about":[{"href":"https:\/\/montclairfc.store\/index.php?rest_route=\/wp\/v2\/types\/product"}],"replies":[{"embeddable":true,"href":"https:\/\/montclairfc.store\/index.php?rest_route=%2Fwp%2Fv2%2Fcomments&post=831"}],"wp:featuredmedia":[{"embeddable":true,"href":"https:\/\/montclairfc.store\/index.php?rest_route=\/wp\/v2\/media\/833"}],"wp:attachment":[{"href":"https:\/\/montclairfc.store\/index.php?rest_route=%2Fwp%2Fv2%2Fmedia&parent=831"}],"wp:term":[{"taxonomy":"product_brand","embeddable":true,"href":"https:\/\/montclairfc.store\/index.php?rest_route=%2Fwp%2Fv2%2Fproduct_brand&post=831"},{"taxonomy":"product_cat","embeddable":true,"href":"https:\/\/montclairfc.store\/index.php?rest_route=%2Fwp%2Fv2%2Fproduct_cat&post=831"},{"taxonomy":"product_tag","embeddable":true,"href":"https:\/\/montclairfc.store\/index.php?rest_route=%2Fwp%2Fv2%2Fproduct_tag&post=831"}],"curies":[{"name":"wp","href":"https:\/\/api.w.org\/{rel}","templated":true}]}}