{"id":954,"date":"2021-09-26T04:50:54","date_gmt":"2021-09-26T04:50:54","guid":{"rendered":"https:\/\/montclairfc.store\/index.php\/product\/camiseta-deportivo-municipal-2010-copy\/"},"modified":"2024-10-26T02:33:03","modified_gmt":"2024-10-26T02:33:03","slug":"camiseta-pirata-futbol-club-2018","status":"publish","type":"product","link":"https:\/\/montclairfc.store\/?product=camiseta-pirata-futbol-club-2018","title":{"rendered":"Camiseta Pirata F\u00fatbol Club 2018"},"content":{"rendered":"<p>La camiseta se us\u00f3 cuando Molinos El Pirata gan\u00f3 la Copa Per\u00fa 2018 y logr\u00f3 el ascenso a Primera Divisi\u00f3n.<\/p>\n<p>Este dise\u00f1o \u00fanico presenta una imagen de Jack Sparrow, personaje popular de la franquicia de Disney, &#8216;Piratas del Caribe.<\/p>\n<p>Las camisetas de<b>\u00a0Molinos El Pirata<\/b>\u00a0ya no tienen la imagen de\u00a0<b>Jack Sparrow<\/b>; sin embargo, la escuadra chiclayana sigue siendo todo un \u00e9xito e incluso ha roto fronteras: la casaquilla se vende en\u00a0<b>Inglaterra<\/b>.<\/p>\n<h2 style=\"text-align: center;\"><strong><u>Camiseta Nueva Front PIRATA FC 2018 &#8211; Local<br \/>\n<\/u><\/strong><\/h2>\n<h2 style=\"text-align: center;\"><strong><u>New Front PIRATA FC Jersey 2018 &#8211; Home<\/u><\/strong><\/h2>\n<h2 style=\"text-align: center;\"><strong>Player Version \/ Versi\u00f3n Jugador<\/strong><\/h2>\n<h2 style=\"text-align: center;\"><strong>100% Authentic \/ 100% Original<\/strong><\/h2>\n<h2 style=\"text-align: center;\">\u00b7 <strong>Numero #9,10,11 en la parte posterior de la camiseta incluye<\/strong><\/h2>\n<h2 style=\"text-align: center;\">\u00b7 <strong>Number #9,10,11 on the back of the jersey included<\/strong><\/h2>\n<h2 style=\"text-align: center;\"><strong>These Jerseys are<\/strong><strong>\u00a0<\/strong><strong>sold Worldwide<\/strong><\/h2>\n<h2 style=\"text-align: center;\"><strong>FINAL SALE !!! VENTA FINAL !!! FINAL SALE !!!<\/strong><\/h2>\n","protected":false},"excerpt":{"rendered":"<div>\n<p>Demuestra tu pasi\u00f3n por los piratas con la <strong>Camiseta Pirata FC 2018<\/strong><strong>. <\/strong>Esta<strong>\u00a0camiseta deportiva<\/strong> est\u00e1 hecha a partir de una combinaci\u00f3n de suaves materiales y posee un ajuste preciso para una excelente movilidad.<\/p>\n<p>&nbsp;<\/p>\n<\/div>\n<div><\/div>\n","protected":false},"featured_media":955,"comment_status":"open","ping_status":"closed","template":"","meta":[],"product_brand":[],"product_cat":[28,31,55],"product_tag":[],"class_list":{"0":"post-954","1":"product","2":"type-product","3":"status-publish","4":"has-post-thumbnail","6":"product_cat-camisetas","7":"product_cat-clubes","8":"product_cat-nacionales","10":"first","11":"instock","12":"shipping-taxable","13":"purchasable","14":"product-type-variable"},"jetpack_sharing_enabled":true,"_links":{"self":[{"href":"https:\/\/montclairfc.store\/index.php?rest_route=\/wp\/v2\/product\/954","targetHints":{"allow":["GET"]}}],"collection":[{"href":"https:\/\/montclairfc.store\/index.php?rest_route=\/wp\/v2\/product"}],"about":[{"href":"https:\/\/montclairfc.store\/index.php?rest_route=\/wp\/v2\/types\/product"}],"replies":[{"embeddable":true,"href":"https:\/\/montclairfc.store\/index.php?rest_route=%2Fwp%2Fv2%2Fcomments&post=954"}],"wp:featuredmedia":[{"embeddable":true,"href":"https:\/\/montclairfc.store\/index.php?rest_route=\/wp\/v2\/media\/955"}],"wp:attachment":[{"href":"https:\/\/montclairfc.store\/index.php?rest_route=%2Fwp%2Fv2%2Fmedia&parent=954"}],"wp:term":[{"taxonomy":"product_brand","embeddable":true,"href":"https:\/\/montclairfc.store\/index.php?rest_route=%2Fwp%2Fv2%2Fproduct_brand&post=954"},{"taxonomy":"product_cat","embeddable":true,"href":"https:\/\/montclairfc.store\/index.php?rest_route=%2Fwp%2Fv2%2Fproduct_cat&post=954"},{"taxonomy":"product_tag","embeddable":true,"href":"https:\/\/montclairfc.store\/index.php?rest_route=%2Fwp%2Fv2%2Fproduct_tag&post=954"}],"curies":[{"name":"wp","href":"https:\/\/api.w.org\/{rel}","templated":true}]}}